{"id":8225,"date":"2021-08-12T09:56:56","date_gmt":"2021-08-12T09:56:56","guid":{"rendered":"https:\/\/www.premier-clinic.cz\/procedures\/verjuengung-des-labiums-mit-dem-co2-laser-fraxis\/"},"modified":"2025-08-20T16:41:42","modified_gmt":"2025-08-20T16:41:42","slug":"verjuengung-des-labiums-mit-dem-co2-laser-fraxis","status":"publish","type":"procedures","link":"https:\/\/www.premier-clinic.cz\/de\/eingriffe\/verjuengung-des-labiums-mit-dem-co2-laser-fraxis\/","title":{"rendered":"Labienverj\u00fcngung durch den FRAXIS CO\u2082-Laser"},"content":{"rendered":"<p>Labienverj\u00fcngung mit dem CO2-Laser FRAXIS - Verkleinerung, Verj\u00fcngung und Depigmentierung der Schamlippen mittels CO2-Laser, ohne Notwendigkeit einer An\u00e4sthesie.<\/p>","protected":false},"featured_media":6805,"template":"","obor":[118,131,121],"casti_tela":[120],"cenik":[179],"class_list":["post-8225","procedures","type-procedures","status-publish","has-post-thumbnail","hentry","obor-gynakologie","obor-laser-de","obor-post-partum","casti_tela-intime"],"acf":[],"_links":{"self":[{"href":"https:\/\/www.premier-clinic.cz\/de\/wp-json\/wp\/v2\/procedures\/8225","targetHints":{"allow":["GET"]}}],"collection":[{"href":"https:\/\/www.premier-clinic.cz\/de\/wp-json\/wp\/v2\/procedures"}],"about":[{"href":"https:\/\/www.premier-clinic.cz\/de\/wp-json\/wp\/v2\/types\/procedures"}],"version-history":[{"count":0,"href":"https:\/\/www.premier-clinic.cz\/de\/wp-json\/wp\/v2\/procedures\/8225\/revisions"}],"wp:featuredmedia":[{"embeddable":true,"href":"https:\/\/www.premier-clinic.cz\/de\/wp-json\/wp\/v2\/media\/6805"}],"wp:attachment":[{"href":"https:\/\/www.premier-clinic.cz\/de\/wp-json\/wp\/v2\/media?parent=8225"}],"wp:term":[{"taxonomy":"obor","embeddable":true,"href":"https:\/\/www.premier-clinic.cz\/de\/wp-json\/wp\/v2\/obor?post=8225"},{"taxonomy":"casti_tela","embeddable":true,"href":"https:\/\/www.premier-clinic.cz\/de\/wp-json\/wp\/v2\/casti_tela?post=8225"},{"taxonomy":"cenik","embeddable":true,"href":"https:\/\/www.premier-clinic.cz\/de\/wp-json\/wp\/v2\/cenik?post=8225"}],"curies":[{"name":"wp","href":"https:\/\/api.w.org\/{rel}","templated":true}]}}

Labienverjüngung durch den FRAXIS CO₂-Laser

<p>Labienverjüngung mit dem CO2-Laser FRAXIS - Verkleinerung, Verjüngung und Depigmentierung der Schamlippen mittels CO2-Laser, ohne Notwendigkeit einer Anästhesie.</p>
